93 and 19.
19
Calculate the highest common factor of 12 and 558.
6
Calculate the greatest common divisor of 14904 and 184.
184
What is the greatest common divisor of 6915 and 135?
15
What is the highest common divisor of 403 and 104?
13
What is the greatest common factor of 115 and 23?
23
Calculate the highest common factor of 28 and 18508.
28
Calculate the highest common factor of 15 and 1077.
3
Calculate the greatest common factor of 154 and 14.
14
What is the highest common factor of 873 and 776?
97
What is the highest common factor of 161 and 46?
23
Calculate the highest common divisor of 33 and 187.
11
What is the highest common divisor of 1058 and 46?
46
What is the highest common divisor of 91 and 39?
13
What is the greatest common factor of 166 and 8798?
166
What is the highest common divisor of 799 and 578?
17
What is the highest common factor of 7 and 133?
7
What is the highest common divisor of 2561 and 91?
13
Calculate the greatest common factor of 1632 and 96.
96
What is the highest common factor of 210 and 530?
10
What is the highest common factor of 102 and 663?
51
Calculate the greatest common divisor of 3480 and 120.
120
What is the highest common factor of 726 and 1056?
66
Calculate the highest common divisor of 506 and 30613.
253
Calculate the highest common factor of 702 and 221.
13
What is the greatest common divisor of 2240 and 70?
70
What is the highest common divisor of 376 and 8?
8
Calculate the greatest common factor of 130 and 3770.
130
Calculate the greatest common factor of 319 and 29.
29
Calculate the highest common factor of 2 and 61.
1
Calculate the highest common factor of 1128 and 48.
24
Calculate the highest common divisor of 476 and 136.
68
Calculate the highest common divisor of 5 and 85.
5
Calculate the highest common factor of 64 and 28.
4
Calculate the greatest common factor of 132 and 5676.
132
What is the greatest common factor of 10 and 1380?
10
What is the highest common factor of 2 and 17?
1
What is the greatest common factor of 100 and 975?
25
Calculate the greatest common divisor of 3 and 33.
3
Calculate the greatest common divisor of 488 and 427.
61
What is the greatest common factor of 4009 and 19?
19
Calculate the highest common divisor of 307 and 1.
1
Calculate the greatest common divisor of 38 and 38.
38
Calculate the highest common factor of 2750 and 30.
10
What is the greatest common divisor of 474 and 1738?
158
What is the greatest common divisor of 132 and 216?
12
What is the greatest common factor of 486 and 18?
18
Calculate the highest common factor of 18 and 162.
18
What is the highest common factor of 2400 and 525?
75
Calculate the highest common divisor of 53 and 265.
53
Calculate the highest common factor of 1606 and 1022.
146
Calculate the highest common divisor of 228 and 96.
12
What is the highest common factor of 184 and 6532?
92
What is the greatest common factor of 11946 and 66?
66
Calculate the greatest common divisor of 28 and 64.
4
What is the greatest common factor of 372 and 57164?
124
Calculate the highest common factor of 392 and 1904.
56
What is the highest common divisor of 518 and 7?
7
Calculate the greatest common factor of 25 and 2.
1
Calculate the greatest common divisor of 2627 and 71.
71
What is the highest common factor of 264 and 33?
33
What is the highest common divisor of 4000 and 32?
32
Calculate the greatest common divisor of 2316 and 612.
12
What is the greatest common divisor of 36 and 420?
12
Calculate the highest common factor of 8165 and 575.
115
Calculate the greatest common divisor of 233 and 8.
1
Calculate the highest common divisor of 799 and 282.
47
What is the highest common divisor of 62 and 4154?
62
What is the greatest common factor of 38 and 11818?
38
Calculate the highest common divisor of 406 and 938.
14
What is the greatest common divisor of 4472 and 860?
172
Calculate the highest common divisor of 13320 and 48.
24
What is the highest common divisor of 1909 and 581?
83
What is the highest common factor of 400 and 320?
80
What is the highest common factor of 18 and 102?
6
Calculate the highest common divisor of 364 and 208.
52
Calculate the highest common divisor of 464 and 29.
29
What is the greatest common divisor of 364 and 39?
13
What is the greatest common divisor of 10 and 17470?
10
What is the highest common factor of 126 and 9058?
14
Calculate the highest common factor of 558 and 36.
18
What is the highest common divisor of 138 and 69?
69
Calculate the greatest common factor of 80 and 770.
10
Calculate the greatest common divisor of 25 and 5.
5
What is the greatest common factor of 5 and 115?
5
What is the greatest common divisor of 480 and 150?
30
Calculate the greatest common divisor of 682 and 22.
22
What is the highest common factor of 17661 and 63?
21
Calculate the highest common divisor of 3000 and 6.
6
Calculate the highest common divisor of 700 and 2000.
100
Calculate the highest common divisor of 48146 and 399.
133
What is the highest common factor of 844 and 4?
4
What is the greatest common factor of 2610 and 360?
90
What is the highest common divisor of 144 and 2826?
18
Calculate the highest common divisor of 1269 and 235.
47
What is the greatest common divisor of 909 and 4141?
101
What is the greatest common divisor of 36 and 156?
12
Calculate the highest common factor of 114 and 380.
38
What is the greatest common factor of 8143 and 17?
17
What is the highest common divisor of 13 and 5044?
13
What is the highest common divisor of 99 and 351?
9
Calculate the highest common divisor of 9 and 5013.
9
What is the highest common factor of 5510 and 38?
38
What is the highest common factor of 49 and 1?
1
Calculate the greatest common divisor of 100 and 1375.
25
What is the highest common divisor of 1011 and 6?
3
What is the highest common divisor of 1639 and 6705?
149
What is the highest common factor of 81 and 2268?
81
What is the highest common factor of 145 and 7685?
145
What is the highest common factor of 14 and 1246?
14
Calculate the highest common divisor of 172 and 1075.
43
Calculate the greatest common factor of 33 and 143.
11
What is the highest common factor of 814 and 2960?
74
What is the highest common divisor of 779 and 41?
41
What is the highest common factor of 6847 and 167?
167
What is the highest common factor of 35 and 15?
5
Calculate the greatest common factor of 11583 and 1188.
297
Calculate the greatest common divisor of 657 and 9.
9
What is the greatest common factor of 1737 and 9?
9
What is the highest common divisor of 507 and 897?
39
What is the highest common divisor of 124 and 8?
4
What is the greatest common factor of 522 and 234?
18
What is the greatest common factor of 224 and 1680?
112
Calculate the highest common divisor of 64 and 208.
16
What is the highest common factor of 5611 and 124?
31
Calculate the highest common divisor of 555 and 999.
111
Calculate the highest common divisor of 50 and 14050.
50
Calculate the greatest common divisor of 2 and 314.
2
What is the highest common factor of 12 and 3732?
12
Calculate the greatest common divisor of 4776 and 216.
24
What is the greatest common factor of 405 and 1917?
27
Calculate the highest common factor of 2300 and 20.
20
Calculate the greatest common divisor of 38880 and 20.
20
Calculate the highest common factor of 21 and 7.
7
Calculate the highest common factor of 1 and 23.
1
What is the highest common factor of 1240 and 160?
40
What is the highest common divisor of 87 and 116?
29
Calculate the greatest common divisor of 45 and 31245.
15
Calculate the greatest common factor of 78 and 327.
3
Calculate the highest common divisor of 12 and 24.
12
What is the highest common divisor of 24 and 4624?
8
Calculate the greatest common divisor of 168 and 24.
24
What is the greatest common factor of 16128 and 126?
126
Calculate the highest common factor of 270 and 4690.
10
What is the highest common factor of 72345 and 53?
53
What is the greatest common divisor of 66 and 209?
11
What is the greatest common factor of 14 and 399?
7
What is the highest common divisor of 286 and 352?
22
Calculate the highest common factor of 2890 and 40.
10
Calculate the highest common factor of 366 and 41114.
122
Calculate the greatest common factor of 2760 and 720.
